= 5. Suppose 0 = -d - 2*w - 2 - 3, -20 = -5*d + 5*w. Let c(y) = 5*y + 17*y + d + 5*y. What is c(l)?
28
Let k(z) = -5*z + 18*z - z**2 + 0*z**2 - 9 + z. Let y be ((-384)/54)/32 - (-130)/18. What is k(y)?
40
Let r(v) = 5*v**2 + 13*v - 1. Let n be r(-4). Suppose o - 5 = 0, i - o - n = -5*o. Let g(y) = -i*y - 51 + 51 + 9*y. What is g(-2)?
-4
Let r(h) = -2*h + 20. Let s = 4878 - 4864. Calculate r(s).
-8
Suppose 8*j - 77 = -29. Suppose -j - 4 = -5*c. Let p(d) = -17*d - 17*d + d**3 + d**c + 33*d. Calculate p(0).
0
Let y(m) = m**3 - 17*m**2 + 21*m - 69. Let w be y(16). Let u(j) = 2*j + 20*j**2 - j**3 - 11*j**2 - w*j**2 + j - 1. Calculate u(3).
-37
Suppose 16653*p - 16632*p = -105. Let d(g) = -g**3 - 4*g**2 + g + 3. Determine d(p).
23
Let v(u) be the third derivative of -u**4/24 + 19*u**3/6 + 2*u**2. Let s = 970 - 956. Give v(s).
5
Suppose 0*o - 9*o + 22 - 157 = 0. Let s(m) = 3*m**2 + 46*m + 26. What is s(o)?
11
Let c(q) = 10*q**2 - 22*q + 13. Let x(u) = -51*u**2 + 114*u - 65. Let s(m) = 11*c(m) + 2*x(m). Calculate s(3).
43
Let n be (-1 - 55/(-45)) + (-1498)/18. Let v = n - -87. Suppose 60*l - v = 56*l. Let j(x) = -10*x**3 - x**2 + x - 1. Determine j(l).
-11
Let f(z) be the second derivative of z**4/12 + z**2 - z. Let r(g) = 7*g**2 - 57*g + 8. Let x be r(7). Let j(t) = 2*t**2 + 100*t + 194. Let m be j(x). Give f(m).
6
Let c(b) be the second derivative of 0*b**2 - 2*b + 38 + 1/20*b**5 - 1/6*b**4 - 2/3*b**3. Suppose -5*x + 10 = -5*y, -4*x + 2*y + 18 = 3*y. Calculate c(x).
16
Let w be ((-86)/(-215))/((-4)/(-530)). Let q(m) = w + 2*m - 23 - 7*m**2 - 32. Determine q(2).
-26
Let l(u) = -3 - 117*u**2 - 16*u + 212*u**2 + 17*u + 6 - 104*u**2. Determine l(2).
-31
Let o(s) = s**3 + s**2 - s - 1. Let v(m) = -6*m**3 - 9*m**2 - m. Let f(a) = 5*o(a) + v(a). Let k = -262 - -258. Determine f(k).
19
Let v = 143 + -142. Let d(m) = -v + m + m + m - 6*m. Let c be (-1*(2 + -3))/1. What is d(c)?
-4
Let h(v) = -4*v - 18. Let z(b) = 3*b + 14. Let j be 1*((-5)/(-5) - 5). Let i(t) = j*h(t) - 5*z(t). What is i(5)?
7
Let o(k) = 299*k - 2097. Let f be o(7). Let p(u) = 5*u + 19. What is p(f)?
-1
Let r(k) = -10 - 3486*k + 1 + 3485*k + 5. Suppose 0 = -4*s - s - 15. Give r(s).
-1
Let q = -23995 + 24009. Let s(p) = -p**2 + 14*p - 17. Determine s(q).
-17
Let l be 6/(-24) + 10/8 + -12. Let k(s) = -17*s + 10. Let n be k(l). Let q(d) = -6*d - n + 394 - 192. Calculate q(4).
-19
Let s(c) = -c**2 - 8*c - 4. Let b be s(-7). Suppose -183*z + 80 = -163*z. Suppose b = z*w - w. Let r(h) = 4*h. What is r(w)?
4
Let q(u) = 2*u**2 - 17*u + 32. Let s be q(6). Let d(n) = 1 + n**s + n**2 - 2*n**3 + 1 + 2*n**2. Let c(t) = -2*t**2 + 11*t + 9. Let o be c(6). Give d(o).
-16
Let r = 7052 - 7045. Suppose 4*w + 3*k + 8 = 0, -k = 5*w + 3*k + 11. Let u(x) = r*x + 7*x + w - 20*x. Determine u(-1).
7
Let a(n) = -n**2 - 10*n + 11. Suppose -407 - 1966 = 7*o. Let u = 327 + o. Calculate a(u).
-13
Let h(b) = -b**3 + 7*b**2 + 9*b - 4. Let l be h(8). Let j(q) be the first derivative of -5/2*q**2 - q + 40. What is j(l)?
-21
Let z(q) = q**3 - 24*q**2 - 51*q - 28. Let t be z(26). Let k be -4 - (t + 3 - -6). Let v(p) = -p - 13. Determine v(k).
-2
Let m(l) = -3 + 2*l**2 - 2*l**2 + 6*l + 7*l**2 - 2*l**2 - l**3. Let y(n) = n**2 - 4*n + 1. Let h be y(5). What is m(h)?
-3
Let l(y) = -y**2 - 2*y + 18. Suppose -5*p + 24 - 102 = -3*h, -6 = -p - 3*h. Calculate l(p).
-102
Let g be (-12)/((19 - 13)*2/8). Let r = 13 + g. Let o(l) = 7 - l - l - r + 4*l. Calculate o(-5).
-8
Suppose -4*b + 27*b + 230 = 0. Let i be (2/3)/(b/75). Let s(t) = t**3 + 8*t**2 + 5*t - 1. What is s(i)?
49
Let k(u) = u**3 - 11*u**2 + 22*u - 11. Let p be k(9). Let j = p - 23. Let o(z) be the second derivative of -z**3/3 - z. Determine o(j).
-4
Let o(a) = -a**2 + 6*a - a + 0 - 3. Suppose 0 = 23*k - 130 + 15. Suppose -2*u - f + k + 1 = 0, 3*u - 9 = 2*f. Determine o(u).
3
Let t(g) = -3*g**3. Let d(j) be the first derivative of -3*j**4/4 + 4*j**2 + j - 4. Let h be d(3). Let z = h + 55. What is t(z)?
3
Let n(u) = u**2 - 4. Let a(x) = -x**3 + 9*x**2 + x + 91. Let w be a(10). Let r be -1*(w - -6) - -7. Give n(r).
-4
Let v(o) = 167*o - 12 - o**3 + 13 + 27 - 4*o**2 - 179*o + 15*o**2. Determine v(10).
8
Suppose -4*q + 32 = 12. Let t(j) = 2*j**2 + 6*j - 6. Let w be t(-4). Let d(z) = -4 + 3*z**2 + 2*z - w*z**2 + 1 - 10*z. Give d(q).
-18
Let q(g) = -7*g**2 - 26*g + 2. Let i(t) = 2*t**2 + 11*t - 1. Let f(w) = -7*i(w) - 3*q(w). Calculate f(-1).
7
Let o(n) be the second derivative of -5*n**3/3 + 44*n**2 + 7*n - 4. Let t be o(9). Let a(r) = -r**3 + 3*r**2 + r. Calculate a(t).
18
Let a(y) = y**3 - 15*y**2 + 2*y - 5. Let l be a(15). Suppose -l = -8*w + 7. Let o be (3/6)/(w/(-16)). Let h(z) = z**3 - z**2 - 2*z + 1. Calculate h(o).
-7
Let f(t) = 19*t + 13*t - 79*t + 21*t - 7*t**2 + 23*t + 10. Give f(-4).
-90
Let m(k) be the third derivative of -k**6/120 - 7*k**5/20 - 23*k**4/24 - 7*k**3/3 - 20*k**2 + 33. Calculate m(-20).
46
Let j(r) be the third derivative of 1/120*r**6 - 29*r**2 + 0 + 1/12*r**5 + 1/24*r**4 + 0*r - r**3. Let s(x) = -x**2 + 6*x - 5. Let h be s(6). What is j(h)?
-11
Let s(t) = -116*t - 107*t + 221*t - t**2 + 2 + 3. Calculate s(-5).
-10
Let f(z) = -z**2 - 13*z + 7. Suppose 2*g + 56 = -2*v + 36, -g = -2*v - 2. What is f(g)?
49
Let n(f) = 17*f + 2121 - 4*f - 4243 + 2120. Determine n(-3).
-41
Suppose 4*t - 5*q + 4*q - 10 = 0, -t - 3*q = 4. Let n(c) = 15*c**2 - 3*c + 6 + 1 - 4 - 12*c**t. Let i(b) = -b**2 - 9*b + 12. Let s be i(-10). What is n(s)?
9
Let l = 226 + -220. Let c(g) = 6*g - 12. Let q(x) = 6*x - 11. Let i(t) = l*c(t) - 7*q(t). Calculate i(5).
-25
Let w(l) = l**2 - 6*l - 3. Let m(u) = 2*u**2 - 12*u - 7. Let c(t) = -6*m(t) + 13*w(t). Let z be (20 + -2)*(22/(-6) - -4). Calculate c(z).
3
Suppose -x - 7 + 9 = -g, x + 3*g = 26. Let r(s) = s**3 - 8*s**2 + 2*s - 27. What is r(x)?
-11
Suppose 26*n - 27*n = -98. Suppose 6 = -n*c + 95*c. Let x(g) = g**2 - 1. What is x(c)?
3
Let v(r) = -25*r**3 + r**2 - 1. Let n(j) = 151*j**3 - 12*j**2 - 2*j + 16. Let a(g) = -n(g) - 6*v(g). Determine a(6).
2
Let c(u) = u**2 + u - 4. Let p(z) = z**2 + 12*z + 20. Let r be p(-15). Suppose -12*v - v = r. Calculate c(v).
16
Let w(p) = -p**3 - 109*p - 109*p + 20 - 110*p + 336*p + 2*p**2 + 2*p**2. Determine w(6).
-4
Suppose 17 = 4*u + 5. Let i(r) = r**2 - 8*r + 17. Let s be i(3). Let f(d) = 3 - 43*d**3 + 94*d**3 - 52*d**3 + 2*d**s + d. Calculate f(u).
-3
Suppose j + 65*g - 62*g = -1, 3*g = -3. Suppose 3*o = 4*b - 5, b = -o + 1 + 2. Let c(x) = -b*x**2 + 3*x**2 - 2*x**2 - 3*x + j*x - 2. Calculate c(2).
-8
Let f(o) = -o**2 + 8*o + 142 + 142 - 507 + 129 + 120. Calculate f(10).
6
Let i = 3 - 1. Let t = i - 3. Let b(q) be the first derivative of 5*q**2/2 - 252. Determine b(t).
-5
Let v(l) be the third derivative of -l**5/60 - 5*l**4/24 - l**3/6 - 383*l**2 + l. Let s(p) = -p**3 - 3*p**2 + 4*p - 4. Let n be s(-4). Calculate v(n).
3
Let a = -181 + 258. Let o be 8/(-1) + a/(-11) + 8. Let z(f) = -f**3 - 7*f**2 - 9. Give z(o).
-9
Let g(o) = -3*o - 1. Let b(i) = i**3 + 20*i**2 + 8*i + 166. Let h be b(-20). Calculate g(h).
-19
Suppose -4*i + c + c + 12 = 0, 3*c = 5*i - 13. Let k(p) = 3 + 0 + 2*p - i - 5. Let t(o) = -o**3 + 19*o**2 - 17*o - 25. Let b be t(18). What is k(b)?
-21
Let b be 169/78*6 + -7. Let o(m) = 6*m**2 - 40*m + 19. What is o(b)?
-5
Suppose -9*n = -5 - 31. Suppose n*l + 70 = 18*l. Let k(b) = b**3 - 7*b**2 + 5*b + 4. Determine k(l).
-21
Suppose -6*y + 44 = 2*o, 22*y - 17*y = o - 14. Let f(c) = c**2 - 19*c - 44. What is f(o)?
-44
Let r(a) = 2473*a - 2470*a + 1 - 1. Suppose 4*x + 18 = 46. Suppose -x + 1 = -3*m. Calculate r(m).
6
Let u(t) = -t + 6. Let j be 1855/2 + (-6)/4. Let r(b) = j*b**2 + b + 4 - b**3 - 926*b**2. Let z be r(0). Calculate u(z).
2
Suppose 10 = 9*s + s. Let o(h) = h**2 - 104*h + 2 - s + 105*h. Give o(-2).
3
Let c(o) = o**2 + 14*o - 13. Let v be -6 + 3 - -5 - 17. Let u be c(v). Let m(q) = -q**3 + 1 - 5*q**2 - u*q**2 - 2*q - 3 + q. Calculate m(-7).
5
Let o = -1897 + 1906. Let r(g) = 2*g - 23. What is r(o)?
-5
Let r(y) = y**2 + 6*y + 7. Let x be r(-3). Let u(b) = -555*b + 2 + 1065*b - 1 - 528*b. Determine u(x).
37
Let n(l) be the first derivative of -2*l**2 - 7/3*l**3 - 1/4*l**4 + 7 + 7*l. Let i be -5*(-2 - 64/(-20)). Calculate n(i).
-5
Let m(j) = j**3 + 99*j**2 + 190*j - 395. Let k be m(